 617 is divided by 65.
32
What is the remainder when 298 is divided by 20?
18
Calculate the remainder when 143 is divided by 74.
69
What is the remainder when 8138 is divided by 581?
4
Calculate the remainder when 4476 is divided by 68.
56
What is the remainder when 7296 is divided by 149?
144
Calculate the remainder when 558 is divided by 170.
48
Calculate the remainder when 775 is divided by 46.
39
Calculate the remainder when 1557 is divided by 112.
101
Calculate the remainder when 63 is divided by 5.
3
Calculate the remainder when 1068 is divided by 207.
33
Calculate the remainder when 1763 is divided by 63.
62
What is the remainder when 30 is divided by 9?
3
What is the remainder when 371 is divided by 22?
19
Calculate the remainder when 147 is divided by 84.
63
Calculate the remainder when 521 is divided by 106.
97
Calculate the remainder when 215 is divided by 98.
19
Calculate the remainder when 147 is divided by 9.
3
Calculate the remainder when 245 is divided by 46.
15
Calculate the remainder when 775 is divided by 39.
34
Calculate the remainder when 111 is divided by 36.
3
What is the remainder when 99 is divided by 50?
49
What is the remainder when 5717 is divided by 191?
178
What is the remainder when 229 is divided by 29?
26
Calculate the remainder when 213 is divided by 9.
6
Calculate the remainder when 704 is divided by 115.
14
Calculate the remainder when 440 is divided by 118.
86
What is the remainder when 11329 is divided by 218?
211
Calculate the remainder when 11 is divided by 4.
3
Calculate the remainder when 5981 is divided by 50.
31
Calculate the remainder when 214 is divided by 12.
10
What is the remainder when 68 is divided by 54?
14
Calculate the remainder when 195 is divided by 35.
20
What is the remainder when 14529 is divided by 255?
249
What is the remainder when 1344 is divided by 71?
66
Calculate the remainder when 427 is divided by 200.
27
What is the remainder when 212 is divided by 22?
14
Calculate the remainder when 566 is divided by 41.
33
Calculate the remainder when 212 is divided by 33.
14
Calculate the remainder when 84 is divided by 51.
33
Calculate the remainder when 248 is divided by 21.
17
Calculate the remainder when 2797 is divided by 910.
67
Calculate the remainder when 3512 is divided by 1165.
17
Calculate the remainder when 394 is divided by 19.
14
What is the remainder when 350 is divided by 13?
12
What is the remainder when 631 is divided by 46?
33
What is the remainder when 5289 is divided by 42?
39
What is the remainder when 125 is divided by 96?
29
What is the remainder when 767 is divided by 10?
7
Calculate the remainder when 794 is divided by 15.
14
Calculate the remainder when 8695 is divided by 8.
7
What is the remainder when 156 is divided by 38?
4
Calculate the remainder when 64 is divided by 34.
30
Calculate the remainder when 2847 is divided by 19.
16
What is the remainder when 1086 is divided by 9?
6
What is the remainder when 1847 is divided by 56?
55
Calculate the remainder when 1055 is divided by 45.
20
What is the remainder when 313 is divided by 46?
37
Calculate the remainder when 256 is divided by 13.
9
Calculate the remainder when 537 is divided by 36.
33
What is the remainder when 1372 is divided by 348?
328
Calculate the remainder when 95 is divided by 20.
15
Calculate the remainder when 1487 is divided by 18.
11
Calculate the remainder when 116 is divided by 15.
11
What is the remainder when 923 is divided by 37?
35
Calculate the remainder when 270 is divided by 13.
10
What is the remainder when 207 is divided by 21?
18
What is the remainder when 996 is divided by 126?
114
Calculate the remainder when 1491 is divided by 8.
3
What is the remainder when 176 is divided by 7?
1
Calculate the remainder when 1197 is divided by 21.
0
Calculate the remainder when 186 is divided by 17.
16
What is the remainder when 822 is divided by 206?
204
Calculate the remainder when 301 is divided by 82.
55
What is the remainder when 1199 is divided by 2?
1
What is the remainder when 774 is divided by 148?
34
Calculate the remainder when 777 is divided by 157.
149
Calculate the remainder when 1427 is divided by 37.
21
What is the remainder when 3208 is divided by 24?
16
Calculate the remainder when 3074 is divided by 81.
77
What is the remainder when 1348 is divided by 26?
22
What is the remainder when 6380 is divided by 56?
52
What is the remainder when 13394 is divided by 19?
18
Calculate the remainder when 8729 is divided by 45.
44
What is the remainder when 596 is divided by 15?
11
What is the remainder when 49 is divided by 15?
4
What is the remainder when 1397 is divided by 155?
2
What is the remainder when 1057 is divided by 100?
57
Calculate the remainder when 224 is divided by 114.
110
What is the remainder when 137 is divided by 68?
1
What is the remainder when 122 is divided by 29?
6
What is the remainder when 112 is divided by 59?
53
What is the remainder when 49 is divided by 18?
13
Calculate the remainder when 324 is divided by 21.
9
What is the remainder when 719 is divided by 80?
79
What is the remainder when 1372 is divided by 9?
4
Calculate the remainder when 737 is divided by 92.
1
Calculate the remainder when 159 is divided by 23.
21
What is the remainder when 84 is divided by 40?
4
What is the remainder when 125 is divided by 90?
35
What is the remainder when 513 is divided by 36?
9
Calculate the remainder when 168 is divided by 35.
28
Calculate the remainder when 4462 is divided by 154.
150
What is the remainder when 89 is divided by 47?
42
What is the remainder when 452 is divided by 13?
10
Calculate the remainder when 11870 is divided by 9.
8
What is the remainder when 59 is divided by 7?
3
What is the remainder when 453 is divided by 28?
5
What is the remainder when 1193 is divided by 297?
5
What is the remainder when 234 is divided by 89?
56
What is the remainder when 2357 is divided by 40?
37
Calculate the remainder when 684 is divided by 98.
96
Calculate the remainder when 1976 is divided by 15.
11
Calculate the remainder when 1375 is divided by 43.
42
Calculate the remainder when 49 is divided by 13.
10
Calculate the remainder when 453 is divided by 38.
35
What is the remainder when 215 is divided by 119?
96
What is the remainder when 152 is divided by 7?
5
Calculate the remainder when 279 is divided by 25.
4
What is the remainder when 203 is divided by 92?
19
Calculate the remainder when 649 is divided by 86.
47
Calculate the remainder when 338 is divided by 267.
71
What is the remainder when 126 is divided by 56?
14
What is the remainder when 1200 is divided by 398?
6
What is the remainder when 15192 is divided by 214?
212
What is the remainder when 6494 is divided by 926?
12
Calculate the remainder when 6194 is divided by 105.
104
What is the remainder when 18340 is divided by 221?
218
Calculate the remainder when 164 is divided by 86.
78
Calculate the remainder when 343 is divided by 88.
79
Calculate the remainder when 74 is divided by 15.
14
Calculate the remainder when 1389 is divided by 12.
9
What is the remainder when 583 is divided by 100?
83
What is the remainder when 44 is divided by 12?
8
Calculate the remainder when 169 is divided by 83.
3
Calculate the remainder when 860 is divided by 16.
12
Calculate the remainder when 1029 is divided by 22.
17
What is the remainder when 27 is divided by 6?
3
Calculate the remainder when 308 is divided by 150.
8
Calculate the remainder when 2198 is divided by 25.
23
What is the remainder when 2572 is divided by 10?
2
What is the remainder when 107 is divided by 19?
12
Calculate the remainder when 390 is divided by 56.
54
What is the remainder when 133 is divided by 17?
14
What is the remainder when 112 is divided by 27?
4
Calculate the remainder when 174 is divided by 18.
12
Calculate the remainder when 752 is divided by 18.
14
Calculate the remainder when 180 is divided by 28.
12
Calculate the remainder when 1031 is divided by 69.
65
Calculate the remainder when 220 is divided by 35.
10
What is the remainder when 263 is divided by 5?
3
What is the remainder when 5639 is divided by 171?
167
What is the remainder when 94 is divided by 17?
9
Calculate the remainder when 170 is divided by 6.
2
Calculate the remain